9 = 0. Let g(z) = -z + 15. Let a be g(10). Suppose -a*l = -29 - 46. Calculate the remainder when q is divided by l.
13
Let f = 9 + 8. Calculate the remainder when f is divided by 7.
3
Suppose 3*a = 13 + 8. What is the remainder when 32 is divided by a?
4
Let z(y) = -y**3 + 8*y**2 - 6*y + 7. Suppose 3*j + 2*j = 25. What is the remainder when z(7) is divided by j?
4
Suppose -20 = -4*a + 108. What is the remainder when a is divided by 7?
4
Let t(s) = s**3 - 6*s**2 - 6*s + 9. Calculate the remainder when 63 is divided by t(7).
15
Suppose -1 = -4*z + 11. What is the remainder when (z/(-2))/(4/(-72)) is divided by 12*(-2 - 13/(-4))?
12
Let g(c) = -c + 5*c + 2 - 4*c + 6*c**2 - c**3. Calculate the remainder when g(5) is divided by 10.
7
Suppose 0*f + f = -4*d + 134, 3*d - 112 = 5*f. Calculate the remainder when d is divided by 9.
7
Suppose -5*v - 42 = -4*h, -v - 37 = -3*h - 0*v. Suppose 0 = w - 34 - 4. Calculate the remainder when w is divided by h.
12
Let u = 28 + -17. Let b(t) = -2*t - 3*t + t**3 - t**2 - 4 - 7*t**2. What is the remainder when b(9) is divided by u?
10
Let c be 2/6*(-21)/(-1). Suppose c*q = 3*q - 4*y + 416, -4*y - 109 = -q. Suppose 4*g - q = g. What is the remainder when g is divided by 12?
11
Suppose 5*x + 3*c = -2*c + 55, -20 = -5*x + 2*c. Let f be ((-6)/4)/(x/8). Calculate the remainder when -41*(-2 - 1 - f) is divided by 22.
19
Suppose 0 = 2*k + 4*k - 30. Suppose -3*x - 6*o + o = -146, x + k*o = 32. Suppose 2*c - 87 = -c. Calculate the remainder when x is divided by c.
28
Suppose 0 = -2*k + 6 - 0. Suppose 4 = -4*t + 20. Suppose -t*j = -3*n - 19, -5*n = -5*j - k*n + 29. Calculate the remainder when j is divided by 4.
3
Suppose -p = 3*a - 6, 2*p + 3*p - 17 = -2*a. Suppose -p*d + 5*d = 2*k + 6, 5*d + k - 3 = 0. Calculate the remainder when 9 is divided by 5*(d + 0/2).
4
Suppose 9 = -33*v + 34*v. What is the remainder when 17 is divided by v?
8
Let c(p) = 2*p + 9. Let g be c(4). Let j = 41 - g. What is the remainder when 45 is divided by j?
21
Suppose 5*n + 3*b = -3 + 8, -5*n + 3*b = -35. Suppose 2*w - 35 = -x - 7, -n*x = -3*w - 79. Calculate the remainder when x is divided by 12.
10
Suppose -3*i - i = 0. Suppose i = w - 2*w. Suppose w = -z - 2*q - 0*q + 3, 3*z - 4 = -q. Calculate the remainder when 1 is divided by z.
0
Suppose -3*w = -7*w + 44. Calculate the remainder when 40 is divided by w.
7
Let l be (15/(-6)*2)/(-1). Let k = 3 + l. Let u(s) = s**3 + 5*s**2 - 2*s - 2. Calculate the remainder when u(-4) is divided by k.
6
Let h(o) = -o**3 + 13*o**2 + o + 5. Calculate the remainder when 42 is divided by h(13).
6
Let q = -6 + 23. Suppose -q + 5 = 3*o. What is the remainder when 225/(-6)*o/6 is divided by 9?
7
Suppose 1 = q + 2*j, 5*q + j = 6 + 26. Calculate the remainder when 10 is divided by q.
3
Let q(d) = 5*d**3 - 2*d**2 + d + 1. What is the remainder when q(2) is divided by 19?
16
Suppose -2*g - 72 = -5*g. Calculate the remainder when g is divided by 9.
6
Let y(n) = n + 18. Calculate the remainder when 45 is divided by y(-8).
5
Suppose 3*t + 2 = 2*t. Let r = t + 3. Let a = r + 4. What is the remainder when 13 is divided by a?
3
Let j(d) = -d + 7. Let x be j(5). Calculate the remainder when 6/(3/(15/10)) is divided by -3*(-1)/3*x.
1
Suppose 4*u = -8, -2*y - 2*y + 3*u + 42 = 0. Let a(t) = t**3 + 5*t**2 - t - 7. Let q be a(-6). Let m = 54 + q. What is the remainder when m is divided by y?
8
Suppose 0 = -5*z + 2*z. Suppose -4*k + z*k + 48 = 0. Calculate the remainder when (-3663)/(-81) - (-2)/(-9) is divided by k.
9
Let p = 63 + 139. What is the remainder when p is divided by 52?
46
Let f(a) = 6*a**3 - 3*a**2 + 2*a - 2. Calculate the remainder when f(2) is divided by 20.
18
Suppose -2*g - m = 2, 5*m - 4 = -4*g - 2. Calculate the remainder when 38 is divided by 11 + (g + 1)*1.
8
Suppose -x = 4*x. Suppose x*p - 48 = -4*p. Suppose 37 = j + 3*n, -3*j - 3*n + 61 + 44 = 0. What is the remainder when j is divided by p?
10
Let x = 33 + -29. What is the remainder when 15 is divided by x?
3
Let a(u) = 2*u - 1. Let l be a(2). Suppose -2*m - 2 = -3*m. Let h = l - m. What is the remainder when 2 is divided by h?
0
Suppose 0*y - 3*y + 3 = 0, -3*y - 122 = -5*t. Calculate the remainder when t is divided by ((-2)/(-3))/(2/21).
4
Let i = -1 - -10. What is the remainder when 24 is divided by i?
6
Suppose f + 2*i - 7 = 0, -7*f = -3*f + 4*i - 20. Suppose 5*q - 55 = o, -20 = -f*q - 6*o + 4*o. Calculate the remainder when 36 is divided by q.
6
Let v(i) = 2*i + 13. What is the remainder when v(6) is divided by 7?
4
Suppose -48 = -2*r + 8. What is the remainder when r is divided by 8?
4
Let p = 4 + -3. Suppose 1 = 4*w - 3. What is the remainder when 25 is divided by w - (p + 18/(-2))?
7
Let z(l) = -11*l. Suppose -d = -4*d - o + 2, -3*o = d - 14. Let f be z(d). Calculate the remainder when 31 is divided by (-2)/6*f*-3.
9
Let x = -18 + 165. Calculate the remainder when x is divided by 30.
27
Let t = -60 + 113. What is the remainder when t is divided by 19?
15
Let q(r) = -r**3 - 6*r**2 + r + 7. Let z = 10 - 7. Calculate the remainder when z is divided by q(-6).
0
Let d(j) = -j**2 + j + 4. Let i(v) = -v. Let n(o) = d(o) - 4*i(o). Calculate the remainder when 22 is divided by n(4).
6
Let l be 15/2*20/15. Suppose -27 = -q - l. What is the remainder when q is divided by 4?
1
Suppose -30 = -3*k + 6. Suppose -k = -s - 2*s. What is the remainder when 10 is divided by s?
2
Suppose -3*o + 6 + 3 = 0. Suppose 9*r - 32 = 4*r - o*f, -5*r + 30 = 5*f. What is the remainder when r is divided by 4?
3
Let b(u) = -8*u - 3. Suppose -n = 2*g + 1, 0*g + 4*n = -g + 10. Let d = -109 - -146. What is the remainder when d is divided by b(g)?
11
Let x(j) = j**3 - 4*j**2 - 5*j - 7. Let y be x(5). Let b(z) = -2*z**3 - 2*z + 1. Let a be b(1). Let q = a - y. Calculate the remainder when 10 is divided by q.
2
Let p be (9/(-5))/((-5)/25). Let f = 28 - p. What is the remainder when 37 is divided by f?
18
Suppose v = -3*l - l + 107, -2*l - 513 = -5*v. Calculate the remainder when v is divided by 21.
19
Suppose 0 = -5*x - 3*s + 111, 2*x + 5*s - 33 + 0 = 0. What is the remainder when (3 - 0)*(-598)/(-39) is divided by x?
22
Let a = 9 + -15. Let u be -1*(-5)/2*a. Let d = u - -23. What is the remainder when 23 is divided by d?
7
Suppose y = -g + 4*y - 1, 4*y - 6 = g. Suppose -4*h = -3*c - 29, 4*h + c = -c + g. What is the remainder when 16 is divided by h?
1
Let n(d) = 1. Let j(t) = -t + 13. Let w(g) = j(g) - 4*n(g). What is the remainder when 7 is divided by w(6)?
1
Suppose 0 = -a + 6*a - 10. Suppose -33 - 11 = -a*c. Calculate the remainder when c is divided by 12.
10
Suppose 0 = 20*z - 16*z - 92. What is the remainder when 89 is divided by z?
20
Suppose 4*p - j - 300 = 3*j, 286 = 4*p + 3*j. What is the remainder when p is divided by 25?
23
Let b be 0/4*(-2)/(-4). Suppose b = -i + 1 + 2. Suppose 0 = -5*w + i*c - 0*c + 28, -w = -3*c + 4. Calculate the remainder when w is divided by 5.
3
What is the remainder when (-1)/(-2)*((2 - 4) + 38) is divided by 6?
0
Let h(m) = -m**2 - 8*m - 10. Let c(u) = -2*u**2 - 9*u - 11. Let p(j) = -2*c(j) + 3*h(j). Let n = -14 + 23. What is the remainder when 36 is divided by p(n)?
17
Let r(j) = -11*j**2 + 2*j - 1. Let x be r(1). Let w = 1 - x. What is the remainder when 21 is divided by w?
10
What is the remainder when ((-515)/(3 - 8))/1 is divided by 15?
13
Let h(n) = n**2 - 3*n - 4. Let p be h(4). What is the remainder when 29 is divided by 10 + -2 + p + 2?
9
Let g = -12 + 18. Let p(o) = -o**2 + 10*o + 1. Calculate the remainder when p(8) is divided by g.
5
Let q be (-2)/4 - 2375/(-10). Suppose -4*h + 234 = i - 3*i, 4*h - i = q. Suppose -5*k + h = -0*k. What is the remainder when 34 is divided by k?
10
Suppose 3*l - 10 = l. Suppose -l = -2*n + 53. Suppose 0 = -5*t + 36 + 14. What is the remainder when n is divided by t?
9
Calculate the remainder when (564/8)/(-3)*-2 is divided by 24.
23
What is the remainder when 24 is divided by -9*(-2 + 1)*1?
6
Let u be (-141)/(-5) + (-2)/10. Suppose 0 = -3*d + 8 + u. Calculate the remainder when 22 is divided by d.
10
Let s(t) = -t**3 - 18*t**2 - 2*t - 22. Calculate the remainder when s(-18) is divided by 3.
2
Let o(l) = l**2 - 14*l - 3. Let p(i) = -3*i + 7. Calculate the remainder when o(17) is divided by p(-6).
23
Suppose 0 